tor of 1729?
False
Does 96 divide 58752?
True
Is 28 a factor of 17927?
False
Does 95 divide 380?
True
Is 2438 a multiple of 31?
False
Is 5333 a multiple of 6?
False
Is 62 a factor of 7316?
True
Is 30423 a multiple of 129?
False
Is 1501 a multiple of 44?
False
Is 15 a factor of 20073?
False
Is 290 a multiple of 27?
False
Is 9 a factor of 519?
False
Is 19 a factor of 7030?
True
Is 18957 a multiple of 71?
True
Is 2298 a multiple of 104?
False
Is 8 a factor of 1927?
False
Is 306 a multiple of 17?
True
Is 60 a factor of 240?
True
Is 4 a factor of 208?
True
Is 59 a factor of 14868?
True
Is 7 a factor of 8961?
False
Is 829 a multiple of 224?
False
Does 14 divide 3017?
False
Does 17 divide 7134?
False
Is 14 a factor of 23002?
True
Does 25 divide 127?
False
Does 47 divide 4277?
True
Does 18 divide 2322?
True
Is 4489 even?
False
Is 36 a factor of 9576?
True
Is 567 a multiple of 27?
True
Is 8001 a multiple of 2?
False
Does 2 divide 34?
True
Does 32 divide 480?
True
Is 1522 a multiple of 48?
False
Is 231 a multiple of 11?
True
Does 9 divide 360?
True
Does 13 divide 1365?
True
Does 2 divide 116?
True
Is 1084 a multiple of 2?
True
Is 50763 a multiple of 5?
False
Is 1710 a multiple of 15?
True
Does 37 divide 367?
False
Is 33000 a multiple of 33?
True
Does 3 divide 1399?
False
Is 83 a factor of 8300?
True
Does 22 divide 616?
True
Is 248 a multiple of 41?
False
Is 28238 a multiple of 7?
True
Does 12 divide 24?
True
Is 16 a factor of 44698?
False
Is 46 a factor of 92?
True
Is 103 a multiple of 4?
False
Does 5 divide 47?
False
Does 6 divide 714?
True
Is 10840 a multiple of 40?
True
Is 114 a multiple of 6?
True
Is 2260 a multiple of 13?
False
Does 47 divide 44952?
False
Is 14 a factor of 3930?
False
Does 54 divide 247?
False
Is 12 a factor of 5207?
False
Does 27 divide 2359?
False
Is 59676 a multiple of 14?
False
Does 17 divide 50371?
True
Is 30 a factor of 89?
False
Does 81 divide 6804?
True
Is 963 a multiple of 9?
True
Is 7718 a multiple of 17?
True
Does 24 divide 1391?
False
Does 19 divide 1748?
True
Is 44 a factor of 3344?
True
Is 22 a factor of 8256?
False
Does 43 divide 2236?
True
Is 15 a factor of 49631?
False
Is 2560 a multiple of 80?
True
Does 9 divide 1366?
False
Is 3010 a multiple of 14?
True
Is 2192 a multiple of 91?
False
Does 24 divide 27411?
False
Is 45868 a multiple of 13?
False
Does 16 divide 77936?
True
Is 2312 a multiple of 12?
False
Is 530 a multiple of 10?
True
Does 4 divide 7210?
False
Is 9 a factor of 354?
False
Is 13 a factor of 18729?
False
Does 13 divide 1417?
True
Does 7 divide 5407?
False
Is 44 a multiple of 2?
True
Is 94 a factor of 13375?
False
Is 35 a factor of 1008?
False
Does 16 divide 33537?
False
Is 24240 a multiple of 10?
True
Is 14173 a multiple of 183?
False
Is 384 a multiple of 16?
True
Does 130 divide 4707?
False
Is 528 a multiple of 12?
True
Does 98 divide 40376?
True
Is 31 a factor of 8008?
False
Does 14 divide 2114?
True
Is 15 a factor of 13214?
False
Is 158 a factor of 2370?
True
Is 45 a factor of 1345?
False
Is 27 a factor of 1422?
False
Is 52 a factor of 13520?
True
Is 23 a factor of 46?
True
Is 12 a factor of 7980?
True
Is 8 a factor of 88?
True
Is 1848 a multiple of 21?
True
Is 142 a factor of 14575?
False
Does 3 divide 4812?
True
Does 103 divide 5253?
True
Is 9020 a multiple of 164?
True
Is 35 a factor of 4305?
True
Is 52 a factor of 423?
False
Does 49 divide 2793?
True
Is 9 a factor of 4166?
False
Is 50 a factor of 1650?
True
Does 68 divide 3148?
False
Is 38291 a multiple of 68?
False
Does 7 divide 1953?
True
Does 7 divide 302?
False
Does 27 divide 7911?
True
Is 16 a factor of 57712?
True
Does 37 divide 10434?
True
Does 11 divide 1101?
False
Does 8 divide 5264?
True
Is 12156 a multiple of 12?
True
Is 309 a multiple of 2?
False
Is 25 a factor of 3000?
True
Does 4 divide 4516?
True
Does 150 divide 38100?
True
Is 58030 a multiple of 14?
True
Is 171 a multiple of 19?
True
Is 128 a factor of 15232?
True
Does 96 divide 37015?
False
Does 33 divide 5676?
True
Is 588 a multiple of 84?
True
Is 513 a multiple of 8?
False
Does 73 divide 16491?
False
Does 63 divide 9934?
False
Is 65 a factor of 99147?
False
Is 31 a factor of 18352?
True
Is 1040 a multiple of 52?
True
Is 37 a factor of 999?
True
Is 2 a factor of 423?
False
Is 14 a factor of 5278?
True
Is 2966 a multiple of 12?
False
Does 5 divide 1313?
False
Is 93 a factor of 8685?
False
Is 6 a factor of 89?
False
Is 49 a factor of 25774?
True
Is 8 a factor of 2136?
True
Does 18 divide 54?
True
Is 1188 a multiple of 11?
True
Is 33 a factor of 417?
False
Is 74 a factor of 1702?
True
Does 20 divide 134320?
True
Is 11628 a multiple of 18?
True
Is 2 a factor of 12?
True
Does 4 divide 7776?
True
Does 17 divide 2057?
True
Is 49450 a multiple of 156?
False
Is 115 a factor of 4922?
False
Is 23 a factor of 16514?
True
Is 5 a factor of 2620?
True
Is 7 a factor of 294?
True
Does 15 divide 165?
True
Is 36 even?
True
Is 18 a factor of 2555?
False
Does 14 divide 248?
False
Does 11 divide 44?
True
Is 57 a factor of 564?
False
Is 3397 a multiple of 43?
True
Does 9 divide 80?
False
Is 318 a multiple of 80?
False
Is 86 a factor of 1032?
True
Is 15 a factor of 3495?
True
Does 6 divide 216?
True
Is 3328 a multiple of 64?
True
Does 48 divide 15168?
True
Does 10 divide 39?
False
Does 60 divide 26288?
False
Does 4 divide 528?
True
Does 53 divide 583?
True
Is 2 a factor of 884?
True
Is 103 a factor of 824?
True
Is 7665 a multiple of 13?
False
Is 20 a factor of 1380?
True
Is 12 a factor of 18720?
True
Is 25 a factor of 3600?
True
Is 21978 a multiple of 37?
True
Is 4428 a multiple of 10?
False
Is 30 a factor of 3960?
True
Is 44 a multiple of 13?
False
Is 1811 a multiple of 6?
False
Is 56 a factor of 1344?
True
Does 11 divide 4689?
False
Is 816 a multiple of 30?
False
Is 334 a multiple of 35?
False
Is 25 a factor of 2997?
False
Does 17 divide 238?
True
Does 3 divide 45?
True
Is 11 a factor of 1512?
False
Is 24360 a multiple of 120?
True
Is 5894 a multiple of 4?
False
Is 722 a multiple of 38?
True
Does 36 divide 19728?
True
Is 7987 a multiple of 53?
False
Does 88 divide 8800?
True
Is 7 a factor of 187?
False
Is 16018 a multiple of 5?
False
Is 100 a factor of 20586?
False
Is 1644 a multiple of 18?
False
Is 9 a factor of 4194?
True
Is 688 a multiple of 16?
True
Is 277 a multiple of 33?
False
Is 2 a factor of 4731?
False
Is 31 a factor of 575?
False
Is 27 a factor of 7710?
False
Does 37 divide 518?
True
Is 13 a factor of 8245?
False
Does 15 divide 30?
True
Is 31 a factor of 1457?
True
Is 3 a factor of 3?
True
Is 15 a factor of 270?
True
Does 12 divide 1464?
True
Does 12 divide 6427?
False
Is 11 a factor of 214?
False
Does 8 divide 7634?
False
Does 58 divide 683?
False
Is 19 a factor of 19?
True
Is 163 a factor of 158525?
False
Is 126421 a multiple of 25?
False
Is 275 a factor of 7075?
False
Is 290 a factor of 26079?
False
Is 1066 a multiple of 41?
True
Is 1272 a multiple of 159?
True
Is 22112 a multiple of 16?
True
Is 2016 a multiple of 84?
True
Does 29 divide 16658?
False
Is 156 a factor of 8500?
False
Is 864 a multiple of 48?
True
Is 3 a factor of 211?
False
Is 51975 a multiple of 275?
True
Is 4 a factor of 4416?
True
Does 2 divide 60?
True
Does 16 divide 57011?
False
Is 1372 a multiple of 5?
False
Is 101891 a multiple of 525?
False
Is 5996 a multiple of 26?
False
Is 18 a factor of 1487?
False
Is 446 a multiple of 4?
False
Is 102563 a multiple of 147?
False
Is 7955 a multiple of 13?
False
Is 87 a factor of 23229?
True
Is 23 a factor of 5428?
True
Is 2664 a multiple of 12?
True
Does 262 divide 46415?
False
Does 18 divide 15174?
True
Does 60 divide 420?
True
Is 26706 a multiple of 30?
False
Is 11 a factor of 123?
False
Is 16208 a multiple of 16?
True
Is 5058 a multiple of 6?
True
Does 9 divide 420?
False
Is 63 a factor of 4473?
True
Is 780 a multiple of 30?
True
Is 176 a multiple of 7?
False
Is 44 a multiple of 33?
False
Is 22 a factor of 1166?
True
Is 300 a multiple of 45?
False
Is 153 a multiple of 23?
False
Is 69 a factor of 5727?
True
Does 142 divide 170?
False
Is 581 a multiple of 78?
False
Is 264 a multiple of 8?
True
Is 3290 a multiple of 10?
True
Does 7 divide 567?
True
Does 34 divide 2822?
True
Is 8472 a multiple of 71?
False
Is 21128 a multiple of 19?
True
Is 7 a factor of 236?
False
Is 11 a f